 + -3 + 2?
3
What is 7 - (12 - (7 + -2))?
0
Calculate -8 - (0 + -9 + (57 - 49)).
-7
What is the value of -8 + (2 - (6 - 8 - 3))?
-1
What is 1 - (3 + 0 + -1)?
-1
Evaluate -3 + (0 - 1 - -6).
2
8 - (6 + -6 - -4)
4
What is the value of -5 + (19 - 9) - -3?
8
Calculate 17 - 17 - (4 + -1).
-3
Evaluate -5 + 8 - 1 - 3 - 4.
-5
(-17 - -7) + 14 + (-3 - -2)
3
What is the value of -2 - -1 - (-2 + 3)?
-2
Calculate -28 - -28 - ((-2 - -2) + 3).
-3
What is 1 - (0 - 0) - (-56 - -54)?
3
7 + 8 + -11 + 1 + -3
2
1 - ((-8 - -2 - -3) + 0)
4
What is -1 + 0 - -4 - -1?
4
13 - (2 + -10 - -14)
7
Calculate (1 + -7 - (-21 + 19)) + 8.
4
Evaluate 1 - (-6 - (-6 + 3 - 5)).
-1
-26 + 29 - ((9 - -1) + -1)
-6
Evaluate -9 + 14 - 11 - -14.
8
(5 - 1) + (-4 + 12 - 9)
3
What is the value of 9 + -13 + 3 + -4 + 1?
-4
What is the value of 4 - (-3 - (2 - 5))?
4
Calculate 0 - (6 - 7 - 1).
2
Evaluate 4 - (-5 - -4 - -5).
0
What is the value of (7 - 5) + (-1 - -4) - 10?
-5
What is the value of -1 - (-2 - (0 + -2 - -2))?
1
Calculate -7 - 0 - (-9 + 10 + -6).
-2
What is 9 - ((-11 - -13) + 0 + 3)?
4
What is the value of -1 + 5 + 2 + -3 + -2?
1
What is (-18 - -15) + (0 - 1)?
-4
-3 - (1 - 4 - 5)
5
What is the value of -7 - (-3 + 0 - (0 + 8))?
4
Evaluate 0 - (-1 + 1 - (-1 + -1)).
-2
Calculate -3 + -2 - (-1 - (2 - 0)).
-2
Calculate -4 + -2 + 5 + 1.
0
What is the value of -4 + (-3 - -4 - 0)?
-3
Calculate (2 - 10) + -4 + 16.
4
What is the value of (0 - 7) + (-11 - -5 - -9)?
-4
-10 + (-2 - -6) - -13
7
Evaluate 7 + (7 - 7) - 5.
2
What is -3 - -3 - (-1 + (18 - 9))?
-8
What is -7 - (-5 - (6 - 9))?
-5
Calculate -3 - (0 - (0 - 3) - 5).
-1
What is the value of -2 + -1 + (3 - -3)?
3
What is -2 + -9 + (6 - (5 - 3))?
-7
-10 + 5 + 11 - 1 - 4
1
Evaluate (3 - 0 - 12) + 17.
8
What is the value of 10 + -2 + (-1 - 1)?
6
Evaluate -2 + 3 + 4 + -2.
3
What is the value of 0 + 2 + 7 - (-27 + 33)?
3
Calculate 1 + -2 + 8 + -3.
4
What is -3 + (11 - 5) + -6 + 1?
-2
5 - -1 - (4 - (3 - 1))
4
What is -2 + 1 + (-3 - -1)?
-3
Calculate 3 + (-5 - -2 - -5).
5
What is the value of 8 + -13 + 3 + 0?
-2
What is the value of (13 - (13 + -7)) + -15 + 6?
-2
8 - (4 + -4 + 9)
-1
What is -2 + -3 - ((0 - 0) + -2)?
-3
Calculate (1 - 2) + (-34 - -37).
2
What is (-3 - -2) + -8 + 3?
-6
Calculate 1 + -2 + (-10 - (-5 - 3)).
-3
Evaluate 6 - (0 + 4) - 6.
-4
Calculate -14 + 16 + -5 + (3 - 0).
0
Calculate -7 + -1 + -3 + 6 + 0.
-5
What is the value of -3 + -1 + -14 + 15?
-3
What is -6 + (-2 - -8) + -6?
-6
What is the value of 0 + 1 + -6 + 5?
0
Evaluate -12 + (6 - -2 - -3).
-1
Calculate 2 - (0 + (9 - (2 + 2))).
-3
Calculate -1 + (5 - 4 - 2).
-2
What is 5 - 0 - (-10 - -21)?
-6
Calculate 20 - 14 - (10 - 4).
0
What is the value of 15 - (12 - (-12 + 13))?
4
Evaluate (3 - (4 + -5)) + -6.
-2
What is the value of -3 + (2 - 1) + -1?
-3
Calculate 7 + -9 - (0 - 0).
-2
22 + -15 + -4 + 1
4
Evaluate -2 - (1 - (7 - 3)).
1
What is (3 - (1 + 3)) + -3 + 6?
2
What is the value of 2 - (4 + -1 - (-18 + 25))?
6
Evaluate 2 + -12 + 8 + 10.
8
What is 3 + (-1 - -1) - (-10 + 16)?
-3
What is the value of -6 + 8 + -4 + -1?
-3
What is (-2 - -6) + -9 + 10 + -3?
2
What is the value of 0 - 2 - (-9 + 10)?
-3
What is the value of 45 - 49 - (6 + -1)?
-9
Calculate 2 + -5 + -1 + -2 + 1.
-5
What is the value of -4 - -3 - (5 - 3) - -2?
-1
What is the value of 2 + -5 + -1 + 2 + -3?
-5
4 - -1 - (21 + -19)
3
What is the value of 2 + -11 - (-52 - -39)?
4
What is the value of 7 + (-3 - 0) + -7 - -4?
1
What is -9 + -1 + 8 + -3 + -2?
-7
What is (1 - (-5 - -15)) + 10?
1
-14 + (7 - (6 + -5)) + 3
-5
What is the value of -7 - ((-1 - (2 - -2)) + 2)?
-4
What is the value of -4 + (8 - 3 - 1)?
0
What is the value of 10 + -10 - (-1 - (2 - 4))?
-1
Calculate -3 + 1 + -1 + 0.
-3
What is -9 - (-21 - -11) - (2 + -8)?
7
Calculate (1 - (0 + 0)) + -6.
-5
What is the value of -3 + (6 - 3) + -5?
-5
What is the value of -5 - (5 + -16) - 2?
4
Evaluate -4 - -5 - (1 + 1 - -1).
-2
1 - (1 + -1) - (9 + -8)
0
What is -3 - ((-4 - -1) + 4 + -4)?
0
-14 - (-6 + 3 + -5)
-6
Calculate -3 + (7 - -2) + -1.
5
What is the value of 7 + 3 + (-16 - -12)?
6
1 + -7 - (-4 + 2)
-4
Calculate 13 - 15 - 6 - 3.
-11
What is the value of -3 - (2 - 8 - -1) - 0?
2
Evaluate 24 - 26 - (-5 + 1).
2
Calculate -20 + 15 - (-3 - 0).
-2
What is 6 + -3 + -4 + -2?
-3
What is -3 + 4 + 3 - 4 - -3?
3
4 - (7 + -2 + -1)
0
What is -1 - 0 - (-1 - -7) - -2?
-5
Calculate -7 + 7 + -3 + 7.
4
7 - (-1 - (-5 + 2))
5
(5 - 3) + 2 - 2
2
What is 8 + (-10 - -5) - 0?
3
Calculate 256 + -272 - (-13 + -1).
-2
What is (5 + -5 - 0) + -5?
-5
Evaluate 3 - (0 + 1) - (-2 - -7).
-3
What is the value of 6 + 8 + (-19 - -7)?
2
Calculate (0 - -7) + -1 + -4.
2
Evaluate -8 + 4 + (-1 - -1).
-4
-3 + 7 + (-8 - (-2 - 4))
2
Calculate 5 + 1 + -7 - 5 - -6.
0
Evaluate 1 + -3 - (-5 + -9 + 13).
-1
What is the value of -2 - (1 - 1) - (-4 - -1)?
1
Evaluate (5 - (4 - 8)) + -3.
6
Calculate 0 + 11 + -19 + 3.
-5
What is (5 - (-3 + 2)) + -6 - 6?
-6
(-2 - -1) + 9 + -10
-2
What is -1 - (1 + 5 + 0 - 3)?
-4
Evaluate 3 + -14 + 11 + -3.
-3
Evaluate -10 + 1 + 14 + -6.
-1
-6 + (1 - (-8 + 0))
3
What is the value of -6 - -5 - (3 + -1 - 2)?
-1
Calculate -1 - (5 + -7) - (-6 - 0).
7
What is the value of 3 + (3 - -3) - (-2 - -7)?
4
What is the value of 2 + (1 - -6) + -4?
5
0 - 9 - (-9 - -5)
-5
What is the value of -1 - -3 - (-10 - -18)?
-6
Evaluate (1 - 0) + -5 + -3.
-7
What is (10 - (1 + 12)) + 2?
-1
Calculate (-16 - -7) + (4 - -6).
1
Calculate -2 + -3 - 3 - -6.
-2
What is the value of 0 + (4 - 2) - -3?
5
1 + 3 + -11 - -12
5
Calculate (-1 - (-2 + 1) - -3) + 1.
4
Evaluate (5 - 3) + -5 + 3.
0
Evaluate (-3 - 3) + (2 - 2) + 12.
6
8 - 4 - 9 - 1
-6
What is the value of 2 + -3 + 0 + -17 + 19?
1
What is the value of -14 - (-1 + 2) - -10?
-5
What is 5 + (-12 - (-5 - -2) - -3)?
-1
What is -2 + 1 - (2 - 3)?
0
What is 1 + (0 - 0) + 3 + -5?
-1
What is -2 + 9 + 1 - 5?
3
-7 + 5 + -4 - -5
-1
Calculate -18 + 19 + 2 + 2.
5
Evaluate -2 - 7 - (-18 - -13).
-4
What is the value of -9 + (36 - 16) - (-1 + 9)?
3
Evaluate -2 + (-17 - -16) + (1 - -1).
-1
(-28 + 23 - (2 - 11)) + -1
3
What is (3 - 7 - (0 - 3)) + -4?
-5
Evaluate (-3 - (4 + -3)) + 2.
-2
Evaluate -18 + 20 - (-1 + 0).
3
-6 + -3 + 0 + 6 + -1
-4
-3 + 2 + 2 + -3 - 2
-4
What is 7 + -3 + -13 - -4?
-5
7 + 0 + 7 + -8
6
Calculate 0 - -6 - (0 - (3 + -1)).
8
Calculate 4 + -11 + 1 + 3 + -5.
-8
Calculate 0 + 3 + -7 + 2.
-2
What is -252 + 250 - (-3 - 1)?
2
(6 + 0 + -12 - -2) + 1
-3
What is the value of 6 + 0 + (-9 - (-8 - -8))?
-3
3 + -3 + (-2 - 0) + 0
-2
What is (-2 - (4 - -1)) + 4 + 11?
8
Calculate (7 - -2 - 5) + -5.
-1
Evaluate -3 + 2 + 2 + -5 + 1.
-3
What is -5 + -5 + 15 + -6 + 2?
1
Calculate (16 - (21 - 10)) + -12.
-7
What is the value of 5 - (10 + 4) - -7?
-2
Evaluate -7 + (2 - (-5 - (0 + -4))).
-4
What is the value of 3 - 0 - (3 - 5)?
5
15 - 15 - (1 + -1 - 0)
0
What is -1 + (-4 + 3 - -4)?
2
Evaluate 1 + -9 + 3 + (15 - 7).
3
Evaluate 4 + -5 - (-6 + 6 + 3).
-4
What is the value of 3 - (5 - -7 - 3)?
-6
What is (3 - -1) + (13 - 14) - 4?
-1
What is the value of 12 - (11 + -4 + -5)?
10
1 + -2 + 13 + 9 + -19
2
What is -25 + 20 + (5 - 1)?
-1
(14 - 2 - (-9 - -15)) + -13
-7
12 - (4 + 7 + -5)
6
What is the value of (0 - ((11 - 5) + -12)) + 1?
7
What is the value of -7 - (-1 + -7) - (2 + 5)?
-6
What is 2 + (-3 + 1 - 4)?
-4
Evaluate 0 - (-1 - 6 - -5 - -7).
-5
Calculate 7 + -3 + -4 - (-12 - -6).
6
What is 3 + -4 + 2 + -2 + 1?
0
Evaluate (6 - 1) + (-1 + 2 - 1).
5
What is 5 - 2 - (8 - (3 - -1))?
-1
What is the value of -8 + 0 + -2 + 10 + -8?
-8
Evaluate 2 + (-1 - 1) + 1.
1
What is the value of 0 + (2 - -3) + -5?
0
Calculate -5 + (-3 - (-5 + -3)) - 5.
-5
Evaluate 1 + 2 + (0 + 2 - 8).
-3
Evaluate -7 - (-3 + -1) - 1.
-4
What is 3 + (1 - 1) + -3?
0
-2 - (-3 - -1) - (-94 + 94)
0
Evaluate 0 + 3 + -2 + (4 - 2).
3
What is 1 - 7 - (-3 - (4 - 6))?
-5
What is 13 - (27 + -9 - 7)?
2
What is the value of 16 + 0 + (2 - 12)?
6
-3 + -3 + -7 + 12
-1
What is the value of (-4 - 0) + -1 + -5 + 11?
1
What is the value of 1 + -1 + -4 - -1?
-3
What is 0 + 0 - (-4 + 5 + -2)?
1
What is the value of 0 + 3 + -1 - 4?
-2
(-3 - -5 - (-1 + 6)) + -2
-5
-1 + 1 + (-3 - -4 - 3)
-2
1 + -10 + 10 - 1
0
Calculate -2 - (-1 - (-8 + 5 + 0)).
-4
What is -13 + (12 - 16) + 8?
-9
What is (-17 + 15 - (-1 + 4)) + 1?
-4
Evaluate 1 + 5 + (4 - 9) - 3.
-2
Calculate (